4
Let j be ((-19)/38)/(1/(-4)). Suppose j*t + q = 37, 0*t + 3*q = 3*t - 78. What is the greatest common divisor of 28 and t?
7
Suppose y + 2*o = -2*o + 78, 0 = 5*y - 4*o - 510. Suppose -102*x = -y*x - 32. What is the highest common divisor of x and 4?
4
Suppose 2*i - 47 = -3*k - 3, 3*k + 96 = 3*i. Let c be (4 + 3 + -6)/(-1) + i. What is the highest common divisor of 12 and c?
3
Suppose 8*l + 13*l = 15*l + 10500. What is the highest common divisor of l and 625?
125
Let f(h) = -h**3 + 19*h**2 + 3*h - 6. Let r be f(19). Suppose -o + 69 = -r. Let p = 24 - 14. Calculate the highest common factor of o and p.
10
Suppose g = 4*c - 10, 3*c + 2*c - 50 = -5*g. Let s be (17 - 20)*2/g*16. Let u(q) = q + 25. Let x be u(s). Calculate the greatest common divisor of x and 3.
3
Let s be (-1)/3 + -21*(-16)/36. Let m(l) = 2*l**2 - 10*l + 18. Let q be m(s). Suppose -4*t + 9*t - q = 0. Calculate the highest common factor of 27 and t.
9
Let k(z) = 67*z + 311. Let m be k(-14). Let n = -612 - m. Calculate the highest common divisor of 1725 and n.
15
Let o(x) = -x**3 + 63*x**2 - 986*x - 177. Let b be o(31). Suppose -3*f = 12, -a = -5*a - 5*f - 4. What is the greatest common divisor of b and a?
1
Let a(l) = 213*l**2 + 39*l - 209. Let w be a(6). Calculate the greatest common factor of w and 314.
157
Let z be (-32)/(-5)*(-1)/(-2)*-5. Let n be 750/(-40)*z/6. Let j be (12/(-8) + 2)*n. What is the highest common divisor of j and 25?
25
Let h(v) = 2*v**3 + 6*v - 4*v + 8*v**2 - 7*v - v**3 + 8. Let c be h(-8). What is the greatest common factor of 48 and c?
48
Let r = -15027 + 16034. What is the greatest common factor of r and 171?
19
Suppose 127 + 23 = 3*f. Let i = 5 + -10. Let w be (-1)/i - (-245)/25. Calculate the greatest common divisor of f and w.
10
Let v = -6110 - -6271. Calculate the greatest common factor of 828 and v.
23
Suppose 0 = 257*n - 248*n - 12780. Suppose 4*r = -16, 2*t + 5*r + 80 = 5*t. Calculate the highest common divisor of n and t.
20
Suppose 0 = -23*k + 89 + 601. Let o be 4/(-4) + 1 + -236. Let x = 446 + o. Calculate the highest common divisor of k and x.
30
Let a be 8/(-16) - (-6)/(-4). Let d be (26/(-4))/(a/8). Let v be -6 + ((-45)/(-3) - -4) + 0. Calculate the greatest common factor of d and v.
13
Suppose z = -2*n - 0*n + 19, -3*z + 9 = 0. What is the greatest common factor of 1000 and n?
8
Let a = 58 - 54. Let j be (16/18)/a - (-500)/18. Suppose -5*p = -12*p + j. Calculate the greatest common divisor of 36 and p.
4
Suppose 3*d = 3*v + 11526, 93*d + 3*v + 7680 = 95*d. What is the greatest common factor of 12 and d?
6
Let k = -1985 - -2949. What is the highest common divisor of k and 2651?
241
Suppose 5*r = r + 48. Let t(h) = h**2 + 2*h. Let i be t(-2). Suppose i = -q - j + 24, 4*q + 5*j - 99 = -3. Calculate the highest common factor of q and r.
12
Let u(d) = 34*d - 404. Let q be u(22). Calculate the greatest common factor of q and 430.
86
Let m be -102 + 86 - (-226 - 0). What is the greatest common factor of 4305 and m?
105
Let h(m) = 138*m**2 + 4*m - 5. Let v be h(2). Let g = v + -328. Suppose -5*u + i = -g, 32 = u + 5*i - 3. Calculate the highest common divisor of u and 15.
15
Let q(f) = -f**2 + 3*f + 23. Let r be q(6). Let c be 611 + -2 + (r - -2) + -5. What is the highest common factor of 13 and c?
13
Let n = -507 - -650. Let j = 151 - n. What is the highest common divisor of 160 and j?
8
Suppose 0 = 3*d - 5 - 13. Let u(j) = j**2 + 7*j - 5. Let p be u(d). Suppose 5*i + p = 4*n, i - 91 = -n - 3*n. Calculate the highest common factor of 33 and n.
11
Let t = 4533 + -3708. Calculate the greatest common factor of 121 and t.
11
Let y = 246 + -241. Suppose -y*v - 7*v = -144. What is the highest common factor of 1020 and v?
12
Let z = 3471 - 3457. What is the highest common divisor of z and 574?
14
Suppose -4*x + 816 = -3*q, 4*x - 9*q - 808 = -4*q. Let b = -200 + x. What is the highest common factor of 119 and b?
7
Suppose -3*n - 90 + 159 = 0. Let x = n + -20. Calculate the highest common factor of x and 63.
3
Let a(u) = u**3 + 7*u**2 + u - 4. Let q be a(-6). Suppose 330 = 5*o - k, -23*k + 19*k = -o + 85. Calculate the highest common factor of o and q.
13
Let o = -19462 + 19594. Calculate the highest common divisor of 2519 and o.
11
Let z(s) = -8*s + 229. Let k be z(32). Let h be 1/(-4)*12/9*k. What is the highest common divisor of h and 18?
9
Let q(r) = -r**3 - 11*r**2 + 16*r + 61. Let f be q(-12). Suppose 26 = -3*d - 52. Let a be ((-15)/2)/(f/d). What is the highest common factor of 285 and a?
15
Let f be (4 + -2)/(2*1/70). Let o = -58 + 68. Calculate the greatest common divisor of o and f.
10
Suppose 0*l + 529 + 329 = 33*l. Let q be 3 + (1848/2)/4. Calculate the greatest common factor of q and l.
26
Suppose 2*m + 11 = 5*k + 5, 0 = m + k - 4. Suppose -3*t - c = -284, -233 - 50 = -3*t - m*c. What is the highest common factor of t and 5?
5
Suppose -101 = -18*y + 259. Suppose 0*n + 35 = -d - 5*n, -175 = 5*d - n. Let k = d + 45. What is the greatest common factor of k and y?
10
Let f(j) = -j**2 - 58*j + 12. Let s be f(-32). Calculate the greatest common divisor of s and 10.
2
Suppose -27799 - 20882 = -7*f + 114405. Calculate the greatest common divisor of 66 and f.
66
Suppose -16*p = -21*p + 975. Let n be p*(8 + -4)/(4/1). Calculate the highest common divisor of n and 15.
15
Let v(d) = -4*d**2 + 74*d + 160. Let i be v(18). Calculate the highest common divisor of i and 7840.
196
Let r(b) = 66*b**3 - 2*b**2 + 1. Let t be r(1). Suppose 27 = -7*s + 6. Let h be s/(-2)*(2600/(-15))/(-10). Calculate the highest common divisor of h and t.
13
Let o = 95 - 89. Suppose 492 - 63 = 11*d. What is the greatest common divisor of o and d?
3
Suppose 14770 = 41*g - 6*g. Let d = g - 402. What is the highest common divisor of d and 940?
20
Suppose 2*l = -s + l - 39, -2*l = 5*s + 201. Let w = s - -65. What is the greatest common factor of w and 16?
8
Let n(j) = -6*j**2 + 116*j - 6. Let m be n(3). Calculate the highest common factor of m and 816.
48
Let x be (-1178)/4*-12*13/26. What is the greatest common factor of 651 and x?
93
Suppose 4*a = 8*a + 112. Let l be ((-4 - a)/(-2))/1. Let g = l + 24. What is the highest common factor of g and 30?
6
Suppose 5*b - 1765 = -17*q + 19*q, -4*b + 1389 = 3*q. Suppose a = 5*n + 59, -2*n + 6 + 25 = a. What is the highest common divisor of b and a?
39
Suppose -2*c + 9 = g - 29, 3*c + 4*g = 67. Suppose 0 = 10*f + 81 - 251. Calculate the greatest common factor of f and c.
17
Let v = -17 + 45. Let m = 239 + -236. Suppose -5*y + m*f = -554, 438 = 10*y - 6*y - 5*f. Calculate the highest common factor of v and y.
28
Suppose l + 0*l - 138 = 0. Suppose 3*h - l = -0*h. Let t = -10265 + 10288. Calculate the greatest common factor of t and h.
23
Suppose 0 = -124*n + 113*n + 3454. Calculate the greatest common factor of n and 10205.
157
Let t(p) be the first derivative of p**2 - 24*p + 222. Let l be t(17). Let o be (20/(-6))/(3/(-99)). Calculate the highest common factor of o and l.
10
Suppose 0 = -2*y + 7 + 1. Suppose 0*p + y*p + o - 25 = 0, 4*o = -4*p + 40. Let b(i) = 6*i - 6. Let z be b(p). What is the greatest common factor of 216 and z?
24
Let r(z) = z**3 + 9*z**2 - 7*z + 43. Let s be r(-10). Suppose 0 = -s*f + 188 + 358. Calculate the highest common divisor of f and 42.
42
Suppose -2*t - 3*t + 400 = 0. Let u(h) = -3*h - 8. Suppose 3*m - 12 = 5*m. Let s be u(m). Calculate the greatest common factor of t and s.
10
Let n(l) = -l**3 + 3*l**2 + 2. Let v be n(2). Let j(s) = 5*s - 10. Let w be j(v). Let m be (14/(-8))/((-5)/w). What is the greatest common factor of m and 7?
7
Let m(i) = i**3 - 37*i**2 + 111. Let d be m(37). Calculate the greatest common factor of 185 and d.
37
Let g(y) = y**3 - 14*y**2 + 33*y + 54. Let v be g(13). What is the greatest common divisor of v and 2669?
157
Let f(n) = -n + 26. Let g be ((-12)/15)/(8/(-20)). Let x be 1/((-1)/(-2)*g/7). Let s be f(x). Calculate the highest common divisor of 209 and s.
19
Let h = -76 - -92. Let l = h - 16. Suppose l = 4*q + 5*s - 221, s = -2*q + 63 + 46. Calculate the highest common divisor of 6 and q.
6
Let j be 2 + 9/(-3)*1 - -259. Calculate the greatest common divisor of 20382 and j.
258
Suppose -377 - 1243 = -33*f - 57*f. Suppose -6*a = -a - 80. Calculate the highest common divisor of f and